{"id":950,"date":"2016-07-15T14:19:20","date_gmt":"2016-07-15T14:19:20","guid":{"rendered":"http:\/\/test.kriesi.at\/enfold-medical\/?page_id=950"},"modified":"2019-12-24T20:35:59","modified_gmt":"2019-12-24T18:35:59","slug":"bulentsekerel","status":"publish","type":"page","link":"https:\/\/bulentsekerel.com\/index.php\/hakkinda\/bulentsekerel\/","title":{"rendered":"Prof. Dr. B\u00fclent Enis \u015eekerel"},"content":{"rendered":"\n<style type=\"text\/css\" data-created_by=\"avia_inline_auto\" id=\"style-css-av-av_heading-c595d6733803ef63998bfd3c759372f1\">\n#top .av-special-heading.av-av_heading-c595d6733803ef63998bfd3c759372f1{\npadding-bottom:10px;\ncolor:#7bb0e7;\n}\nbody .av-special-heading.av-av_heading-c595d6733803ef63998bfd3c759372f1 .av-special-heading-tag .heading-char{\nfont-size:25px;\n}\n.av-special-heading.av-av_heading-c595d6733803ef63998bfd3c759372f1 .special-heading-inner-border{\nborder-color:#7bb0e7;\n}\n.av-special-heading.av-av_heading-c595d6733803ef63998bfd3c759372f1 .av-subheading{\nfont-size:15px;\n}\n<\/style>\n<div  class='av-special-heading av-av_heading-c595d6733803ef63998bfd3c759372f1 av-special-heading-h3 custom-color-heading  avia-builder-el-0  el_before_av_one_third  avia-builder-el-first '><h3 class='av-special-heading-tag'  itemprop=\"headline\"  >Prof. Dr. B\u00fclent Enis \u015eekerel<\/h3><div class=\"special-heading-border\"><div class=\"special-heading-inner-border\"><\/div><\/div><\/div>\n\n<style type=\"text\/css\" data-created_by=\"avia_inline_auto\" id=\"style-css-av-av_one_third-67c1acb0579a8d4ef554daa8040b2e1d\">\n.flex_column.av-av_one_third-67c1acb0579a8d4ef554daa8040b2e1d{\n-webkit-border-radius:0px 0px 0px 0px;\n-moz-border-radius:0px 0px 0px 0px;\nborder-radius:0px 0px 0px 0px;\npadding:0px 0px 0px 0px;\n}\n<\/style>\n<div class='flex_column av-av_one_third-67c1acb0579a8d4ef554daa8040b2e1d av_one_third  avia-builder-el-1  el_after_av_heading  el_before_av_two_third  first no_margin flex_column_div av-zero-column-padding '     ><style type=\"text\/css\" data-created_by=\"avia_inline_auto\" id=\"style-css-av-av_image-44e5f1bdeb2a47473bcd5464cf77d58c\">\n.avia-image-container.av-av_image-44e5f1bdeb2a47473bcd5464cf77d58c img.avia_image{\nbox-shadow:none;\n}\n.avia-image-container.av-av_image-44e5f1bdeb2a47473bcd5464cf77d58c .av-image-caption-overlay-center{\ncolor:#ffffff;\n}\n<\/style>\n<div  class='avia-image-container av-av_image-44e5f1bdeb2a47473bcd5464cf77d58c av-styling- av-hover-grow avia-align-center  avia-builder-el-2  avia-builder-el-no-sibling '   itemprop=\"image\" itemscope=\"itemscope\" itemtype=\"https:\/\/schema.org\/ImageObject\" ><div class=\"avia-image-container-inner\"><div class=\"avia-image-overlay-wrap\"><img decoding=\"async\" class='wp-image-1194 avia-img-lazy-loading-not-1194 avia_image ' src=\"https:\/\/bulentsekerel.com\/wp-content\/uploads\/2016\/07\/75_portre_bulentenissekerel_boraucak_result-200x300.jpg\" alt='' title='75_portre_bulentenissekerel_boraucak_result'  height=\"300\" width=\"200\"  itemprop=\"thumbnailUrl\" srcset=\"https:\/\/bulentsekerel.com\/wp-content\/uploads\/2016\/07\/75_portre_bulentenissekerel_boraucak_result-200x300.jpg 200w, https:\/\/bulentsekerel.com\/wp-content\/uploads\/2016\/07\/75_portre_bulentenissekerel_boraucak_result-768x1152.jpg 768w, https:\/\/bulentsekerel.com\/wp-content\/uploads\/2016\/07\/75_portre_bulentenissekerel_boraucak_result-687x1030.jpg 687w, https:\/\/bulentsekerel.com\/wp-content\/uploads\/2016\/07\/75_portre_bulentenissekerel_boraucak_result.jpg 1000w, https:\/\/bulentsekerel.com\/wp-content\/uploads\/2016\/07\/75_portre_bulentenissekerel_boraucak_result-470x705.jpg 470w, https:\/\/bulentsekerel.com\/wp-content\/uploads\/2016\/07\/75_portre_bulentenissekerel_boraucak_result-450x675.jpg 450w\" sizes=\"(max-width: 200px) 100vw, 200px\" \/><\/div><\/div><\/div><\/div>\n\n<style type=\"text\/css\" data-created_by=\"avia_inline_auto\" id=\"style-css-av-av_two_third-0aa7055fe62c3622faec82866afbaeb2\">\n.flex_column.av-av_two_third-0aa7055fe62c3622faec82866afbaeb2{\n-webkit-border-radius:0px 0px 0px 0px;\n-moz-border-radius:0px 0px 0px 0px;\nborder-radius:0px 0px 0px 0px;\npadding:0px 0px 0px 0px;\n}\n<\/style>\n<div class='flex_column av-av_two_third-0aa7055fe62c3622faec82866afbaeb2 av_two_third  avia-builder-el-3  el_after_av_one_third  avia-builder-el-last  no_margin flex_column_div av-zero-column-padding '     ><section  class='av_textblock_section av-av_textblock-0366cc7376be6c9e82a3e9cc8987b64f'  itemscope=\"itemscope\" itemtype=\"https:\/\/schema.org\/CreativeWork\" ><div class='avia_textblock'  itemprop=\"text\" ><p>1963 y\u0131l\u0131nda ABD\u2019de do\u011fdu.<\/p>\n<p>Orta \u00f6\u011frenimini Istanbul Erkek Lisesi\u2019nde, t\u0131p e\u011fitimini Istanbul \u00dcniversitesi Istanbul T\u0131p Fak\u00fcltesi\u2019nde tamamlad\u0131. Hacettepe \u00dcniversitesi T\u0131p Fak\u00fcltesinde 1993 y\u0131l\u0131nda pediatri uzman\u0131, 1996 y\u0131l\u0131nda pediatrik allerji uzman\u0131, 1997 y\u0131l\u0131nda do\u00e7ent, 2003 y\u0131l\u0131nda profes\u00f6r oldu. Allerji uzmanl\u0131\u011f\u0131, 2005 y\u0131l\u0131nda European Academy of Allergy and Clinical Immunology (EAACI, Avrupa Allerji ve Klinik \u0130mm\u00fcnoloji Akademisi) taraf\u0131ndan onayland\u0131.<\/p>\n<p>1997 y\u0131l\u0131nda ABD Pennsylvania \u00dcniversitesi Philadelphia \u00c7ocuk Hastanesinde Prof.Dr Micheal Grunstein ile ve 2003-2006 y\u0131llar\u0131 aras\u0131nda 15 ay s\u00fcre ile \u0130ngiltere Southampton \u00dcniversitesi Allerji ve Solunum Hastal\u0131klar\u0131 B\u00f6l\u00fcm\u00fcnde Prof. Dr. Anthony Frew ile ortak \u00e7al\u0131\u015fma ve ara\u015ft\u0131rmalarda bulundu.<\/p>\n<p>Allerji-Ast\u0131m-\u0130mm\u00fcnoloji Dergisi&#8217;nde 2002-2005 y\u0131llar\u0131 aras\u0131nda yard\u0131mc\u0131 edit\u00f6r, 2005-2008 y\u0131llar\u0131 aras\u0131nda ise edit\u00f6r olarak g\u00f6rev yapt\u0131.<\/p>\n<p>Ulusal ve uluslararas\u0131 \u00e7e\u015fitli bilimsel derneklerin \u00fcyesi olan Dr.\u015eekerel iki y\u0131l s\u00fcre ile T\u00fcrkiye Milli Pediatri Derne\u011fi y\u00f6netim kurulu \u00fcyeli\u011fi yan\u0131s\u0131ra\u00a0 T\u00fcrkiye Ulusal Allerji ve Klinik \u0130mm\u00fcnoloji Y\u00f6netim Kurulunda saymanl\u0131k, ileti\u015fim sorumlulu\u011fu ve genel sekreterlik gibi g\u00f6revlerde bulundu. 2016 y\u0131l\u0131nda T\u00fcrkiye Ulusal Allerji ve Klinik \u0130mm\u00fcnoloji Derne\u011fi ba\u015fkanl\u0131\u011f\u0131na se\u00e7ildi.<\/p>\n<p>T\u0131p E\u011fitimi ve Felsefesi \u00fczerine e\u011fitim g\u00f6rm\u00fc\u015f ve bir s\u00fcre Hacettepe \u00dcniversitesi T\u0131p E\u011fitimi ve Bili\u015fimi Anabilim Dal\u0131nda \u00e7al\u0131\u015fm\u0131\u015ft\u0131r.<\/p>\n<p>\u00dclkemizin \u00f6nde gelen 30 allerji ve ast\u0131m klini\u011finin \u00fcyesi oldu\u011fu ve \u00e7ocukluk \u00e7a\u011f\u0131 ast\u0131m\u0131 \u00fczerine \u00e7ok merkezli ara\u015ft\u0131rmalar y\u00fcr\u00fcten TURPEDAS (T\u00fcrkiye Pediatrik Ast\u0131m \u00c7al\u0131\u015fma Grubu) isimli ara\u015ft\u0131rma grubunun kurucusu ve koordinat\u00f6r\u00fcd\u00fcr.<\/p>\n<p>2008 y\u0131l\u0131nda \u201cT\u00fcrkiye Ast\u0131m Tan\u0131 ve Tedavi Rehberi\u201dni yazan ve g\u00fcncelleyen grupta yer alan Dr.\u015eekerel, ayr\u0131ca 2009 y\u0131l\u0131nda GINA (Global Initiave for Asthma, K\u00fcresel Ast\u0131m Giri\u015fim Grubu) Pediatrik Ast\u0131m Tan\u0131 ve Tedavi Rehberinin haz\u0131rlanmas\u0131na katk\u0131da bulundu.<\/p>\n<p>Ocak 2017 itibar\u0131yla uluslararas\u0131 indekslere giren dergilerde yay\u0131nlanm\u0131\u015f 110\u2019in \u00fczerinde makalesi vard\u0131r ve bunlar bug\u00fcne de\u011fin yakla\u015f\u0131k 1300 kez atfedilmi\u015flerdir.<\/p>\n<p><strong>\u201c<\/strong><strong>\u00c7ocukluk \u00c7a\u011f\u0131 Ast\u0131m\u0131\u201d<\/strong> (2008), \u00a0<strong>&#8220;Allerjik Rinit&#8221; <\/strong>(2011), <strong>&#8220;A&#8217;dan Z&#8217;ye \u0130nek S\u00fct\u00fc Protein Allerjisi&#8221; <\/strong>(2016)<strong>\u00a0<\/strong>isimli \u00fc\u00e7 kitab\u0131n yan\u0131s\u0131ra <strong>&#8220;\u00c7ocukluk \u00c7a\u011f\u0131nda Allerji, Ast\u0131m \u0130mm\u00fcnoloji&#8221;<\/strong>(2015)\u00a0 isimli kaynak kitab\u0131n(textbook) hem yazar hem de edit\u00f6r\u00fcd\u00fcr.<\/p>\n<p>\u0130ngilizce ve Almanca bilen Dr.\u015eekerel bilimsel ara\u015ft\u0131rmalar\u0131n\u0131 \u00e7ocukluk \u00e7a\u011f\u0131 allerjik hastal\u0131klar\u0131 \u00fczerine y\u00fcr\u00fctmektedir.<\/p>\n<p>\u00c7e\u015fitli &#8220;Avrupa Allerji ve Klinik \u0130mm\u00fcnoloji Akademisi &#8221; (EAACI, European Academy of Allergy and Clinical Immunology) ve &#8220;D\u00fcnya Allerji Organizasyonu&#8221; (WAO, World Allergy Organisation) kongre ve sempozyumlar\u0131na konu\u015fmac\u0131 ve oturum ba\u015fkanl\u0131klar\u0131n bulundu. 2021 y\u0131l\u0131nda Istanbul&#8217;da yap\u0131lacak olan &#8220;D\u00fcnya Allerji Kongresi&#8221; ba\u015fkanl\u0131\u011f\u0131n\u0131 Prof.Dr.Dil\u015fad Mungan ile birlikte yapacakt\u0131r.<\/p>\n<p>Evli ve iki erkek \u00e7ocuk babas\u0131d\u0131r.<\/p>\n<p>G\u00fcncelleme tarihi 01.01.2017<\/p>\n<\/div><\/section><\/div>\n","protected":false},"excerpt":{"rendered":"","protected":false},"author":1,"featured_media":0,"parent":957,"menu_order":0,"comment_status":"closed","ping_status":"closed","template":"","meta":[],"yoast_head":"<!-- This site is optimized with the Yoast SEO plugin v20.1 - https:\/\/yoast.com\/wordpress\/plugins\/seo\/ -->\n<title>Prof. Dr. B\u00fclent Enis \u015eekerel - Prof. Dr. B\u00fclent Enis \u015eekerel<\/title>\n<meta name=\"description\" content=\"Alerji ve \u00c7ocuk Hastal\u0131klar\u0131 Doktoru, Prof. Dr. B\u00fclent Enis \u015eekerel ile ilgili bilgilere ula\u015fmak i\u00e7in web sitemizi ziyaret edebilirsiniz.\" \/>\n<meta name=\"robots\" content=\"index, follow, max-snippet:-1, max-image-preview:large, max-video-preview:-1\" \/>\n<link rel=\"canonical\" href=\"https:\/\/bulentsekerel.com\/index.php\/hakkinda\/bulentsekerel\/\" \/>\n<meta property=\"og:locale\" content=\"tr_TR\" \/>\n<meta property=\"og:type\" content=\"article\" \/>\n<meta property=\"og:title\" content=\"Prof. Dr. B\u00fclent Enis \u015eekerel - Prof. Dr. B\u00fclent Enis \u015eekerel\" \/>\n<meta property=\"og:description\" content=\"Alerji ve \u00c7ocuk Hastal\u0131klar\u0131 Doktoru, Prof. Dr. B\u00fclent Enis \u015eekerel ile ilgili bilgilere ula\u015fmak i\u00e7in web sitemizi ziyaret edebilirsiniz.\" \/>\n<meta property=\"og:url\" content=\"https:\/\/bulentsekerel.com\/index.php\/hakkinda\/bulentsekerel\/\" \/>\n<meta property=\"og:site_name\" content=\"Prof. Dr. B\u00fclent Enis \u015eekerel\" \/>\n<meta property=\"article:modified_time\" content=\"2019-12-24T18:35:59+00:00\" \/>\n<meta name=\"twitter:card\" content=\"summary_large_image\" \/>\n<meta name=\"twitter:label1\" content=\"Tahmini okuma s\u00fcresi\" \/>\n\t<meta name=\"twitter:data1\" content=\"4 dakika\" \/>\n<script type=\"application\/ld+json\" class=\"yoast-schema-graph\">{\"@context\":\"https:\/\/schema.org\",\"@graph\":[{\"@type\":\"WebPage\",\"@id\":\"https:\/\/bulentsekerel.com\/index.php\/hakkinda\/bulentsekerel\/\",\"url\":\"https:\/\/bulentsekerel.com\/index.php\/hakkinda\/bulentsekerel\/\",\"name\":\"Prof. Dr. B\u00fclent Enis \u015eekerel - Prof. Dr. B\u00fclent Enis \u015eekerel\",\"isPartOf\":{\"@id\":\"https:\/\/bulentsekerel.com\/#website\"},\"datePublished\":\"2016-07-15T14:19:20+00:00\",\"dateModified\":\"2019-12-24T18:35:59+00:00\",\"description\":\"Alerji ve \u00c7ocuk Hastal\u0131klar\u0131 Doktoru, Prof. Dr. B\u00fclent Enis \u015eekerel ile ilgili bilgilere ula\u015fmak i\u00e7in web sitemizi ziyaret edebilirsiniz.\",\"breadcrumb\":{\"@id\":\"https:\/\/bulentsekerel.com\/index.php\/hakkinda\/bulentsekerel\/#breadcrumb\"},\"inLanguage\":\"tr\",\"potentialAction\":[{\"@type\":\"ReadAction\",\"target\":[\"https:\/\/bulentsekerel.com\/index.php\/hakkinda\/bulentsekerel\/\"]}]},{\"@type\":\"BreadcrumbList\",\"@id\":\"https:\/\/bulentsekerel.com\/index.php\/hakkinda\/bulentsekerel\/#breadcrumb\",\"itemListElement\":[{\"@type\":\"ListItem\",\"position\":1,\"name\":\"Anasayfa\",\"item\":\"https:\/\/bulentsekerel.com\/\"},{\"@type\":\"ListItem\",\"position\":2,\"name\":\"Hakk\u0131nda\",\"item\":\"https:\/\/bulentsekerel.com\/index.php\/hakkinda\/\"},{\"@type\":\"ListItem\",\"position\":3,\"name\":\"Prof. Dr. B\u00fclent Enis \u015eekerel\"}]},{\"@type\":\"WebSite\",\"@id\":\"https:\/\/bulentsekerel.com\/#website\",\"url\":\"https:\/\/bulentsekerel.com\/\",\"name\":\"Prof. Dr. B\u00fclent Enis \u015eekerel\",\"description\":\"\u00c7ocuk Sa\u011fl\u0131\u011f\u0131 ve Hastal\u0131klar\u0131 &amp; \u00c7ocuk Alerji - Ast\u0131m Uzman\u0131\",\"potentialAction\":[{\"@type\":\"SearchAction\",\"target\":{\"@type\":\"EntryPoint\",\"urlTemplate\":\"https:\/\/bulentsekerel.com\/?s={search_term_string}\"},\"query-input\":\"required name=search_term_string\"}],\"inLanguage\":\"tr\"}]}<\/script>\n<!-- \/ Yoast SEO plugin. -->","yoast_head_json":{"title":"Prof. Dr. B\u00fclent Enis \u015eekerel - Prof. Dr. B\u00fclent Enis \u015eekerel","description":"Alerji ve \u00c7ocuk Hastal\u0131klar\u0131 Doktoru, Prof. Dr. B\u00fclent Enis \u015eekerel ile ilgili bilgilere ula\u015fmak i\u00e7in web sitemizi ziyaret edebilirsiniz.","robots":{"index":"index","follow":"follow","max-snippet":"max-snippet:-1","max-image-preview":"max-image-preview:large","max-video-preview":"max-video-preview:-1"},"canonical":"https:\/\/bulentsekerel.com\/index.php\/hakkinda\/bulentsekerel\/","og_locale":"tr_TR","og_type":"article","og_title":"Prof. Dr. B\u00fclent Enis \u015eekerel - Prof. Dr. B\u00fclent Enis \u015eekerel","og_description":"Alerji ve \u00c7ocuk Hastal\u0131klar\u0131 Doktoru, Prof. Dr. B\u00fclent Enis \u015eekerel ile ilgili bilgilere ula\u015fmak i\u00e7in web sitemizi ziyaret edebilirsiniz.","og_url":"https:\/\/bulentsekerel.com\/index.php\/hakkinda\/bulentsekerel\/","og_site_name":"Prof. Dr. B\u00fclent Enis \u015eekerel","article_modified_time":"2019-12-24T18:35:59+00:00","twitter_card":"summary_large_image","twitter_misc":{"Tahmini okuma s\u00fcresi":"4 dakika"},"schema":{"@context":"https:\/\/schema.org","@graph":[{"@type":"WebPage","@id":"https:\/\/bulentsekerel.com\/index.php\/hakkinda\/bulentsekerel\/","url":"https:\/\/bulentsekerel.com\/index.php\/hakkinda\/bulentsekerel\/","name":"Prof. Dr. B\u00fclent Enis \u015eekerel - Prof. Dr. B\u00fclent Enis \u015eekerel","isPartOf":{"@id":"https:\/\/bulentsekerel.com\/#website"},"datePublished":"2016-07-15T14:19:20+00:00","dateModified":"2019-12-24T18:35:59+00:00","description":"Alerji ve \u00c7ocuk Hastal\u0131klar\u0131 Doktoru, Prof. Dr. B\u00fclent Enis \u015eekerel ile ilgili bilgilere ula\u015fmak i\u00e7in web sitemizi ziyaret edebilirsiniz.","breadcrumb":{"@id":"https:\/\/bulentsekerel.com\/index.php\/hakkinda\/bulentsekerel\/#breadcrumb"},"inLanguage":"tr","potentialAction":[{"@type":"ReadAction","target":["https:\/\/bulentsekerel.com\/index.php\/hakkinda\/bulentsekerel\/"]}]},{"@type":"BreadcrumbList","@id":"https:\/\/bulentsekerel.com\/index.php\/hakkinda\/bulentsekerel\/#breadcrumb","itemListElement":[{"@type":"ListItem","position":1,"name":"Anasayfa","item":"https:\/\/bulentsekerel.com\/"},{"@type":"ListItem","position":2,"name":"Hakk\u0131nda","item":"https:\/\/bulentsekerel.com\/index.php\/hakkinda\/"},{"@type":"ListItem","position":3,"name":"Prof. Dr. B\u00fclent Enis \u015eekerel"}]},{"@type":"WebSite","@id":"https:\/\/bulentsekerel.com\/#website","url":"https:\/\/bulentsekerel.com\/","name":"Prof. Dr. B\u00fclent Enis \u015eekerel","description":"\u00c7ocuk Sa\u011fl\u0131\u011f\u0131 ve Hastal\u0131klar\u0131 &amp; \u00c7ocuk Alerji - Ast\u0131m Uzman\u0131","potentialAction":[{"@type":"SearchAction","target":{"@type":"EntryPoint","urlTemplate":"https:\/\/bulentsekerel.com\/?s={search_term_string}"},"query-input":"required name=search_term_string"}],"inLanguage":"tr"}]}},"_links":{"self":[{"href":"https:\/\/bulentsekerel.com\/index.php\/wp-json\/wp\/v2\/pages\/950"}],"collection":[{"href":"https:\/\/bulentsekerel.com\/index.php\/wp-json\/wp\/v2\/pages"}],"about":[{"href":"https:\/\/bulentsekerel.com\/index.php\/wp-json\/wp\/v2\/types\/page"}],"author":[{"embeddable":true,"href":"https:\/\/bulentsekerel.com\/index.php\/wp-json\/wp\/v2\/users\/1"}],"replies":[{"embeddable":true,"href":"https:\/\/bulentsekerel.com\/index.php\/wp-json\/wp\/v2\/comments?post=950"}],"version-history":[{"count":0,"href":"https:\/\/bulentsekerel.com\/index.php\/wp-json\/wp\/v2\/pages\/950\/revisions"}],"up":[{"embeddable":true,"href":"https:\/\/bulentsekerel.com\/index.php\/wp-json\/wp\/v2\/pages\/957"}],"wp:attachment":[{"href":"https:\/\/bulentsekerel.com\/index.php\/wp-json\/wp\/v2\/media?parent=950"}],"curies":[{"name":"wp","href":"https:\/\/api.w.org\/{rel}","templated":true}]}}