{"id":1363,"date":"2017-05-04T09:51:56","date_gmt":"2017-05-04T06:51:56","guid":{"rendered":"http:\/\/www.bulentsekerel.com\/?page_id=1363"},"modified":"2017-05-04T10:25:13","modified_gmt":"2017-05-04T07:25:13","slug":"alerji","status":"publish","type":"page","link":"https:\/\/bulentsekerel.com\/index.php\/alerji\/","title":{"rendered":"Alerji"},"content":{"rendered":"\n<style type=\"text\/css\" data-created_by=\"avia_inline_auto\" id=\"style-css-av-av_image-9b8ae4a956e845e6244ca7078a470fb2\">\n.avia-image-container.av-av_image-9b8ae4a956e845e6244ca7078a470fb2 img.avia_image{\nbox-shadow:none;\n}\n.avia-image-container.av-av_image-9b8ae4a956e845e6244ca7078a470fb2 .av-image-caption-overlay-center{\ncolor:#ffffff;\n}\n<\/style>\n<div  class='avia-image-container av-av_image-9b8ae4a956e845e6244ca7078a470fb2 av-styling- avia-align-center  avia-builder-el-0  el_before_av_heading  avia-builder-el-first '   itemprop=\"image\" itemscope=\"itemscope\" itemtype=\"https:\/\/schema.org\/ImageObject\" ><div class=\"avia-image-container-inner\"><div class=\"avia-image-overlay-wrap\"><img decoding=\"async\" class='wp-image- avia-img-lazy-loading-not- avia_image ' src=\"https:\/\/bulentsekerel.com\/wp-content\/uploads\/2017\/05\/alerji-10-300x200.jpg\" alt='' title=''   itemprop=\"thumbnailUrl\"  \/><\/div><\/div><\/div>\n\n<style type=\"text\/css\" data-created_by=\"avia_inline_auto\" id=\"style-css-av-av_heading-cbd2f8c9f9400df0969eab24c85f456f\">\n#top .av-special-heading.av-av_heading-cbd2f8c9f9400df0969eab24c85f456f{\npadding-bottom:10px;\n}\nbody .av-special-heading.av-av_heading-cbd2f8c9f9400df0969eab24c85f456f .av-special-heading-tag .heading-char{\nfont-size:25px;\n}\n.av-special-heading.av-av_heading-cbd2f8c9f9400df0969eab24c85f456f .av-subheading{\nfont-size:15px;\n}\n<\/style>\n<div  class='av-special-heading av-av_heading-cbd2f8c9f9400df0969eab24c85f456f av-special-heading-h1  avia-builder-el-1  el_after_av_image  el_before_av_textblock '><h1 class='av-special-heading-tag'  itemprop=\"headline\"  >Alerji<\/h1><div class=\"special-heading-border\"><div class=\"special-heading-inner-border\"><\/div><\/div><\/div>\n<section  class='av_textblock_section av-av_textblock-0366cc7376be6c9e82a3e9cc8987b64f'  itemscope=\"itemscope\" itemtype=\"https:\/\/schema.org\/CreativeWork\" ><div class='avia_textblock'  itemprop=\"text\" ><p>Organizmam\u0131z\u0131n (v\u00fccudumuzun) hem d\u0131\u015f (bakteri, vir\u00fcs, parazit gibi) hem de i\u00e7 (kanser gibi) d\u00fc\u015fmanlara kar\u015f\u0131 korunmas\u0131 ba\u011f\u0131\u015f\u0131kl\u0131k sistemi denen bir sistem ile sa\u011flanmaktad\u0131r. Bu sistem tepkilerini aralar\u0131nda kompleks ili\u015fkiler olan h\u00fccre ve molek\u00fcller arac\u0131l\u0131\u011f\u0131 ile vermektedir. Ba\u011f\u0131\u015f\u0131kl\u0131k sistemi organizmam\u0131z i\u00e7in zararl\u0131 olan bir etken ile kar\u015f\u0131la\u015ft\u0131\u011f\u0131nda (mikroplar gibi) onlara kar\u015f\u0131 g\u00fc\u00e7l\u00fc tepkiler olu\u015fturur ve onlar\u0131 ortadan kald\u0131rarak bize zararl\u0131 olmalar\u0131n\u0131 engeller. Organizmam\u0131z, kendisi i\u00e7in zararl\u0131 olmayan yabanc\u0131 bir etken ile kar\u015f\u0131la\u015ft\u0131\u011f\u0131nda daha \u00f6l\u00e7\u00fcl\u00fc tepkiler verir. \u00c7\u00fcnk\u00fc ba\u011f\u0131\u015f\u0131kl\u0131k sisteminin verdi\u011fi g\u00fc\u00e7l\u00fc tepkiler genelde v\u00fccudumuz i\u00e7in rahats\u0131zl\u0131k verici niteliktedir. Bunlar v\u00fccut s\u0131cakl\u0131\u011f\u0131n\u0131n y\u00fckselmesi ve k\u0131rg\u0131nl\u0131k gibi genel belirtiler veya tepkinin verildi\u011fi organa ait yak\u0131nmalar \u015feklinde kendini g\u00f6sterir. Bu kapsamda alerji, v\u00fccudumuza solunum, mide-barsak veya deri temas\u0131 ile giren baz\u0131 yabanc\u0131 maddelere kar\u015f\u0131 gere\u011finden fazla a\u015f\u0131r\u0131 tepkiler verilmesi olarak tan\u0131mlanabilir. Bir di\u011fer ifadeyle, genel kan\u0131n\u0131n aksine, alerji, ba\u011f\u0131\u015f\u0131kl\u0131k sistemindeki bir yetersizlikten de\u011fil, aksine zararl\u0131 olmayan bir yabanc\u0131 maddeye kar\u015f\u0131 verilen a\u015f\u0131r\u0131 tepkiden ileri gelir.<br \/>\nAlerjik hastal\u0131klar denildi\u011finde bir \u00e7ok rahats\u0131zl\u0131k anla\u015f\u0131l\u0131r. Bu rahats\u0131zl\u0131klar\u0131n \u00f6nemli bir k\u0131sm\u0131n\u0131n olu\u015fumunda genetik (ailevi) yatk\u0131nl\u0131k ba\u015fl\u0131ca sorumludur. Nitekim; ast\u0131m, alerjik nezle, alerjik egzema (atopik dermatit) ve besin alerjisi toplumda baz\u0131 ailelerde daha yo\u011fun olarak g\u00f6z\u00fckmesi bu nedenledir. Ancak \u00f6zellikle tek yumurta ikizlerinden(genetik materyali ayn\u0131 olan iki ki\u015finin) birinde alerjik hastal\u0131k saptan\u0131rken di\u011ferinde olmamas\u0131 bilinen bir durumdur. Bu durum alerjik hastal\u0131klar\u0131n geli\u015fmesinde yaln\u0131z genetik fakt\u00f6rlerin rol\u00fc olmad\u0131\u011f\u0131n\u0131n en b\u00fcy\u00fck kan\u0131t\u0131d\u0131r. Nitekim son 20 y\u0131lda, \u00f6zellikle bat\u0131 \u00fclkelerinde, alerjik hastal\u0131klar\u0131n iki kata varan oranlarda artm\u0131\u015f olmas\u0131, \u00e7evresel fakt\u00f6rlerinde rol\u00fc oldu\u011funu d\u00fc\u015f\u00fcnd\u00fcrmektedir. Ancak bug\u00fcne kadar \u00e7evremizdeki binlerce fakt\u00f6rden hangisinin veya hangilerinin buna neden oldu\u011fu hen\u00fcz g\u00f6sterilememi\u015ftir. Sigara, egzoz duman\u0131, hava kirlili\u011fi ve a\u015f\u0131r\u0131 hijyenik ortamlar\u0131n alerjik hastal\u0131klar\u0131n art\u0131\u015f\u0131ndan sorumlu olabilece\u011fine y\u00f6nelik \u00f6nemli kan\u0131tlara ula\u015f\u0131lm\u0131\u015ft\u0131r.<\/p>\n<p>Alerjik hastal\u0131klara en s\u0131k neden olan alerjenler pollenler, ev tozu akar\u0131 ve hayvanlard\u0131r. Bunlar\u0131n yan\u0131s\u0131ra baz\u0131 k\u00fcf mantarlar\u0131, hamam b\u00f6ce\u011fi, kau\u00e7uk ve besinler de s\u0131k olarak alerjik rahats\u0131zl\u0131klara neden olurlar. \u00dclkemizde en s\u0131k rastlanan alerjiler pollen ve ev tozu akar alerjisidir. Akar ise ev tozu i\u00e7inde ya\u015fayan ve g\u00f6zle g\u00f6r\u00fclemeyecek derecede k\u00fc\u00e7\u00fck olan bir b\u00f6cektir ve \u00f6zellikle de tekstil \u00fcr\u00fcnlerin \u00fczerinde bulunur. Rutubetli ve \u0131l\u0131man iklim ya\u015famas\u0131 i\u00e7in en uygun ortam\u0131 sa\u011flar. Ku\u015f t\u00fcy\u00fc ve y\u00fcn yatak yorganlar en s\u0131k bulundu\u011fu yerlerdir. Hayvanlardan ise en s\u0131k alerji yapt\u0131\u011f\u0131 bilinen kedidir. S\u0131k alerjik rahats\u0131zl\u0131klara neden olan besinler ise inek s\u00fct\u00fc, yumurta, f\u0131nd\u0131k-f\u0131st\u0131k-ceviz-badem gibi kuruyemi\u015fler ve kabuklu deniz \u00fcr\u00fcnleridir.<\/p>\n<p>Alerjik hastal\u0131klar\u0131n ba\u015fta ast\u0131m ve alerjik nezle olmak \u00fczere hastan\u0131n ya\u015fam kalitesini bozduklar\u0131 ve g\u00fcnl\u00fck aktiviteler dahil olmak \u00fczere \u00f6nemli k\u0131s\u0131tlamalara neden olduklar\u0131 bilinir. Alerjik hastal\u0131klar\u0131 tamamen ortadan kald\u0131ran (silen) tedaviler ne yaz\u0131kki mevcut de\u011fildir. Ancak baz\u0131 alerjilerin ve alerjik rahats\u0131zl\u0131klar\u0131n zamanla kaybolaca\u011f\u0131 bilinir. Alerji uzmanlar\u0131, alerjik bir hasta ile kar\u015f\u0131la\u015ft\u0131klar\u0131nda once nedeni saptar, sonra neden olan alerjenden nas\u0131l sak\u0131n\u0131laca\u011f\u0131n\u0131 \u00f6\u011fretirler. Sak\u0131nma \u00f6nlemleri hastal\u0131k belirtilerinin yinelemesini \u00f6nemli oranda azaltmakla birlikte, her zaman ortadan kalkmas\u0131n\u0131 sa\u011flayamad\u0131klar\u0131ndan \u00e7o\u011funlukla ek olarak ila\u00e7 tedavileri de kullanmak gerekir. Alerjenden sak\u0131nma ve ila\u00e7 tedavileri yeterince i\u015fe yaramad\u0131\u011f\u0131nda ise, alerji a\u015f\u0131lar\u0131 (immunoterapi) kullan\u0131labilir. \u0130mm\u00fcnoterapi tedavisinde hastaya duyarl\u0131 oldu\u011fu alerjen giderek artan dozlarda verilerek ba\u011f\u0131\u015f\u0131kl\u0131k sisteminin verdi\u011fi tepkilerin azalt\u0131lmas\u0131 ama\u00e7lan\u0131r. Bu tedavi bi\u00e7imi genelde hastal\u0131k kontrol\u00fcni artt\u0131rsa bile k\u00fcr edemez (ortadan kald\u0131ramaz). \u0130mm\u00fcnoterapi yap\u0131lma karar\u0131 ve nas\u0131l yap\u0131laca\u011f\u0131 konu hakk\u0131nda uzmanl\u0131k e\u011fitimi alm\u0131\u015f alerjistler taraf\u0131ndan verilmelidir.<\/p>\n<p>Uygun tedaviler \u00e7o\u011funlukla alerjik hastalar\u0131n sa\u011fl\u0131kl\u0131 bir insanda oldu\u011fu gibi kaliteli bir ya\u015fam s\u00fcrmesine olanak tan\u0131r. Ancak ideal kontrol\u00fcn sa\u011flanmas\u0131n\u0131n zaman alaca\u011f\u0131 ve hekim ile hasta aras\u0131nda yak\u0131n bir i\u015fbirli\u011fini gerektirdi\u011fi unutulmamal\u0131d\u0131r.<\/p>\n<p><em>Dikkat: Bu yaz\u0131 Dr B\u00fclent \u015eekerel taraf\u0131ndan haz\u0131rlanm\u0131\u015f olup kaynak g\u00f6sterilmeden kullan\u0131lamaz.<\/em><\/p>\n<p><em>Dikkat: Burada \u00e7ocukluk \u00e7a\u011f\u0131n\u0131n bir alerjik hastal\u0131\u011f\u0131 hakk\u0131nda Dr.B\u00fclent \u015eekerel taraf\u0131ndan size yard\u0131mc\u0131 olaca\u011f\u0131na inan\u0131larak derlenmi\u015f baz\u0131 bilgiler yer almaktad\u0131r. Bu nedenle bu bilgilerin, hekim olmayanlar taraf\u0131ndan tedavi amac\u0131yla kullan\u0131lmamalar\u0131 gerekir. L\u00fctfen daha ayr\u0131nt\u0131l\u0131 bilgi i\u00e7in hekiminize ba\u015fvurunuz.<\/em><\/p>\n<\/div><\/section>\n","protected":false},"excerpt":{"rendered":"","protected":false},"author":1,"featured_media":0,"parent":0,"menu_order":0,"comment_status":"closed","ping_status":"closed","template":"","meta":[],"yoast_head":"<!-- This site is optimized with the Yoast SEO plugin v20.1 - https:\/\/yoast.com\/wordpress\/plugins\/seo\/ -->\n<title>Alerji - Prof. Dr. B\u00fclent Enis \u015eekerel<\/title>\n<meta name=\"description\" content=\"Prof. Dr. B\u00fclent Enis \u015eekerel&#039;in haz\u0131rlad\u0131\u011f\u0131,\u00c7ocuk Sa\u011fl\u0131\u011f\u0131,Alerji,Ast\u0131m,Besin Alerjisi,A. Rinit ve di\u011fer ba\u015fl\u0131ca di\u011fer Alerjik Hastal\u0131klar bilgileri\" \/>\n<meta name=\"robots\" content=\"index, follow, max-snippet:-1, max-image-preview:large, max-video-preview:-1\" \/>\n<link rel=\"canonical\" href=\"https:\/\/bulentsekerel.com\/index.php\/alerji\/\" \/>\n<meta property=\"og:locale\" content=\"tr_TR\" \/>\n<meta property=\"og:type\" content=\"article\" \/>\n<meta property=\"og:title\" content=\"Alerji - Prof. Dr. B\u00fclent Enis \u015eekerel\" \/>\n<meta property=\"og:description\" content=\"Prof. Dr. B\u00fclent Enis \u015eekerel&#039;in haz\u0131rlad\u0131\u011f\u0131,\u00c7ocuk Sa\u011fl\u0131\u011f\u0131,Alerji,Ast\u0131m,Besin Alerjisi,A. Rinit ve di\u011fer ba\u015fl\u0131ca di\u011fer Alerjik Hastal\u0131klar bilgileri\" \/>\n<meta property=\"og:url\" content=\"https:\/\/bulentsekerel.com\/index.php\/alerji\/\" \/>\n<meta property=\"og:site_name\" content=\"Prof. Dr. B\u00fclent Enis \u015eekerel\" \/>\n<meta property=\"article:modified_time\" content=\"2017-05-04T07:25:13+00:00\" \/>\n<meta name=\"twitter:card\" content=\"summary_large_image\" \/>\n<meta name=\"twitter:label1\" content=\"Tahmini okuma s\u00fcresi\" \/>\n\t<meta name=\"twitter:data1\" content=\"5 dakika\" \/>\n<script type=\"application\/ld+json\" class=\"yoast-schema-graph\">{\"@context\":\"https:\/\/schema.org\",\"@graph\":[{\"@type\":\"WebPage\",\"@id\":\"https:\/\/bulentsekerel.com\/index.php\/alerji\/\",\"url\":\"https:\/\/bulentsekerel.com\/index.php\/alerji\/\",\"name\":\"Alerji - Prof. Dr. B\u00fclent Enis \u015eekerel\",\"isPartOf\":{\"@id\":\"https:\/\/bulentsekerel.com\/#website\"},\"datePublished\":\"2017-05-04T06:51:56+00:00\",\"dateModified\":\"2017-05-04T07:25:13+00:00\",\"description\":\"Prof. Dr. B\u00fclent Enis \u015eekerel'in haz\u0131rlad\u0131\u011f\u0131,\u00c7ocuk Sa\u011fl\u0131\u011f\u0131,Alerji,Ast\u0131m,Besin Alerjisi,A. Rinit ve di\u011fer ba\u015fl\u0131ca di\u011fer Alerjik Hastal\u0131klar bilgileri\",\"breadcrumb\":{\"@id\":\"https:\/\/bulentsekerel.com\/index.php\/alerji\/#breadcrumb\"},\"inLanguage\":\"tr\",\"potentialAction\":[{\"@type\":\"ReadAction\",\"target\":[\"https:\/\/bulentsekerel.com\/index.php\/alerji\/\"]}]},{\"@type\":\"BreadcrumbList\",\"@id\":\"https:\/\/bulentsekerel.com\/index.php\/alerji\/#breadcrumb\",\"itemListElement\":[{\"@type\":\"ListItem\",\"position\":1,\"name\":\"Anasayfa\",\"item\":\"https:\/\/bulentsekerel.com\/\"},{\"@type\":\"ListItem\",\"position\":2,\"name\":\"Alerji\"}]},{\"@type\":\"WebSite\",\"@id\":\"https:\/\/bulentsekerel.com\/#website\",\"url\":\"https:\/\/bulentsekerel.com\/\",\"name\":\"Prof. Dr. B\u00fclent Enis \u015eekerel\",\"description\":\"\u00c7ocuk Sa\u011fl\u0131\u011f\u0131 ve Hastal\u0131klar\u0131 &amp; \u00c7ocuk Alerji - Ast\u0131m Uzman\u0131\",\"potentialAction\":[{\"@type\":\"SearchAction\",\"target\":{\"@type\":\"EntryPoint\",\"urlTemplate\":\"https:\/\/bulentsekerel.com\/?s={search_term_string}\"},\"query-input\":\"required name=search_term_string\"}],\"inLanguage\":\"tr\"}]}<\/script>\n<!-- \/ Yoast SEO plugin. -->","yoast_head_json":{"title":"Alerji - Prof. Dr. B\u00fclent Enis \u015eekerel","description":"Prof. Dr. B\u00fclent Enis \u015eekerel'in haz\u0131rlad\u0131\u011f\u0131,\u00c7ocuk Sa\u011fl\u0131\u011f\u0131,Alerji,Ast\u0131m,Besin Alerjisi,A. Rinit ve di\u011fer ba\u015fl\u0131ca di\u011fer Alerjik Hastal\u0131klar bilgileri","robots":{"index":"index","follow":"follow","max-snippet":"max-snippet:-1","max-image-preview":"max-image-preview:large","max-video-preview":"max-video-preview:-1"},"canonical":"https:\/\/bulentsekerel.com\/index.php\/alerji\/","og_locale":"tr_TR","og_type":"article","og_title":"Alerji - Prof. Dr. B\u00fclent Enis \u015eekerel","og_description":"Prof. Dr. B\u00fclent Enis \u015eekerel'in haz\u0131rlad\u0131\u011f\u0131,\u00c7ocuk Sa\u011fl\u0131\u011f\u0131,Alerji,Ast\u0131m,Besin Alerjisi,A. Rinit ve di\u011fer ba\u015fl\u0131ca di\u011fer Alerjik Hastal\u0131klar bilgileri","og_url":"https:\/\/bulentsekerel.com\/index.php\/alerji\/","og_site_name":"Prof. Dr. B\u00fclent Enis \u015eekerel","article_modified_time":"2017-05-04T07:25:13+00:00","twitter_card":"summary_large_image","twitter_misc":{"Tahmini okuma s\u00fcresi":"5 dakika"},"schema":{"@context":"https:\/\/schema.org","@graph":[{"@type":"WebPage","@id":"https:\/\/bulentsekerel.com\/index.php\/alerji\/","url":"https:\/\/bulentsekerel.com\/index.php\/alerji\/","name":"Alerji - Prof. Dr. B\u00fclent Enis \u015eekerel","isPartOf":{"@id":"https:\/\/bulentsekerel.com\/#website"},"datePublished":"2017-05-04T06:51:56+00:00","dateModified":"2017-05-04T07:25:13+00:00","description":"Prof. Dr. B\u00fclent Enis \u015eekerel'in haz\u0131rlad\u0131\u011f\u0131,\u00c7ocuk Sa\u011fl\u0131\u011f\u0131,Alerji,Ast\u0131m,Besin Alerjisi,A. Rinit ve di\u011fer ba\u015fl\u0131ca di\u011fer Alerjik Hastal\u0131klar bilgileri","breadcrumb":{"@id":"https:\/\/bulentsekerel.com\/index.php\/alerji\/#breadcrumb"},"inLanguage":"tr","potentialAction":[{"@type":"ReadAction","target":["https:\/\/bulentsekerel.com\/index.php\/alerji\/"]}]},{"@type":"BreadcrumbList","@id":"https:\/\/bulentsekerel.com\/index.php\/alerji\/#breadcrumb","itemListElement":[{"@type":"ListItem","position":1,"name":"Anasayfa","item":"https:\/\/bulentsekerel.com\/"},{"@type":"ListItem","position":2,"name":"Alerji"}]},{"@type":"WebSite","@id":"https:\/\/bulentsekerel.com\/#website","url":"https:\/\/bulentsekerel.com\/","name":"Prof. Dr. B\u00fclent Enis \u015eekerel","description":"\u00c7ocuk Sa\u011fl\u0131\u011f\u0131 ve Hastal\u0131klar\u0131 &amp; \u00c7ocuk Alerji - Ast\u0131m Uzman\u0131","potentialAction":[{"@type":"SearchAction","target":{"@type":"EntryPoint","urlTemplate":"https:\/\/bulentsekerel.com\/?s={search_term_string}"},"query-input":"required name=search_term_string"}],"inLanguage":"tr"}]}},"_links":{"self":[{"href":"https:\/\/bulentsekerel.com\/index.php\/wp-json\/wp\/v2\/pages\/1363"}],"collection":[{"href":"https:\/\/bulentsekerel.com\/index.php\/wp-json\/wp\/v2\/pages"}],"about":[{"href":"https:\/\/bulentsekerel.com\/index.php\/wp-json\/wp\/v2\/types\/page"}],"author":[{"embeddable":true,"href":"https:\/\/bulentsekerel.com\/index.php\/wp-json\/wp\/v2\/users\/1"}],"replies":[{"embeddable":true,"href":"https:\/\/bulentsekerel.com\/index.php\/wp-json\/wp\/v2\/comments?post=1363"}],"version-history":[{"count":0,"href":"https:\/\/bulentsekerel.com\/index.php\/wp-json\/wp\/v2\/pages\/1363\/revisions"}],"wp:attachment":[{"href":"https:\/\/bulentsekerel.com\/index.php\/wp-json\/wp\/v2\/media?parent=1363"}],"curies":[{"name":"wp","href":"https:\/\/api.w.org\/{rel}","templated":true}]}}