{"id":1129,"date":"2017-02-14T13:47:00","date_gmt":"2017-02-14T11:47:00","guid":{"rendered":"http:\/\/www.bulentsekerel.com\/?page_id=1129"},"modified":"2018-12-19T11:16:08","modified_gmt":"2018-12-19T09:16:08","slug":"alerjik-hastaliklar","status":"publish","type":"page","link":"https:\/\/bulentsekerel.com\/index.php\/alerjik-hastaliklar\/","title":{"rendered":"Alerjik Hastal\u0131klar"},"content":{"rendered":"\n<style type=\"text\/css\" data-created_by=\"avia_inline_auto\" id=\"style-css-av-av_heading-a8ee5bd2ce26001367ed989d78d0797f\">\n#top .av-special-heading.av-av_heading-a8ee5bd2ce26001367ed989d78d0797f{\npadding-bottom:10px;\ncolor:#7bb0e7;\n}\nbody .av-special-heading.av-av_heading-a8ee5bd2ce26001367ed989d78d0797f .av-special-heading-tag .heading-char{\nfont-size:25px;\n}\n.av-special-heading.av-av_heading-a8ee5bd2ce26001367ed989d78d0797f .special-heading-inner-border{\nborder-color:#7bb0e7;\n}\n.av-special-heading.av-av_heading-a8ee5bd2ce26001367ed989d78d0797f .av-subheading{\nfont-size:15px;\n}\n<\/style>\n<div  class='av-special-heading av-av_heading-a8ee5bd2ce26001367ed989d78d0797f av-special-heading-h1 custom-color-heading  avia-builder-el-0  el_before_av_one_half  avia-builder-el-first '><h1 class='av-special-heading-tag'  itemprop=\"headline\"  >Alerjik Hastal\u0131klar<\/h1><div class=\"special-heading-border\"><div class=\"special-heading-inner-border\"><\/div><\/div><\/div>\n\n<style type=\"text\/css\" data-created_by=\"avia_inline_auto\" id=\"style-css-av-av_one_half-6126cab7d8fab8d08143dd2dacdf673c\">\n.flex_column.av-av_one_half-6126cab7d8fab8d08143dd2dacdf673c{\n-webkit-border-radius:0px 0px 0px 0px;\n-moz-border-radius:0px 0px 0px 0px;\nborder-radius:0px 0px 0px 0px;\npadding:0px 0px 0px 0px;\n}\n<\/style>\n<div class='flex_column av-av_one_half-6126cab7d8fab8d08143dd2dacdf673c av_one_half  avia-builder-el-1  el_after_av_heading  el_before_av_one_half  first flex_column_div av-zero-column-padding '     ><section  class='av_textblock_section av-av_textblock-0366cc7376be6c9e82a3e9cc8987b64f'  itemscope=\"itemscope\" itemtype=\"https:\/\/schema.org\/CreativeWork\" ><div class='avia_textblock'  itemprop=\"text\" ><p><em>Burada \u00e7ocukluk \u00e7a\u011f\u0131n\u0131n baz\u0131 alerjik hastal\u0131klar\u0131\u00a0hakk\u0131nda <a href=\"https:\/\/bulentsekerel.com\/\"><strong>Prof. Dr. B\u00fclent Enis \u015eekerel<\/strong><\/a> taraf\u0131ndan size yard\u0131mc\u0131 olaca\u011f\u0131na inan\u0131larak derlenmi\u015f a\u015fa\u011f\u0131daki bilgiler yer almaktad\u0131r. Konu ba\u015fl\u0131klar\u0131na t\u0131klayarak, detayl\u0131 yaz\u0131lara ula\u015fabilirsiniz.<\/em><\/p>\n<ul>\n<li><a href=\"https:\/\/bulentsekerel.com\/index.php\/alerji\/\">ALERJ\u0130<\/a><\/li>\n<li><a href=\"https:\/\/bulentsekerel.com\/index.php\/alerji\/\">ALERJ\u0130DE TANI VE \u0130ZLEM<\/a><\/li>\n<li><a href=\"https:\/\/bulentsekerel.com\/index.php\/alerji-testleri\/\">ALERJ\u0130 TESTLER\u0130<\/a><\/li>\n<li><a href=\"https:\/\/bulentsekerel.com\/index.php\/astim\/\">ASTIM<\/a><\/li>\n<li><a href=\"https:\/\/bulentsekerel.com\/index.php\/astim-hakkinda-sik-sorulan-sorular\/\">ASTIM HAKKINDA SIK SORULAN SORULAR<\/a><\/li>\n<li><a href=\"https:\/\/bulentsekerel.com\/index.php\/alerjik-rinit\/\">ALERJ\u0130K R\u0130N\u0130T<\/a><\/li>\n<li><a href=\"https:\/\/bulentsekerel.com\/index.php\/alerjik-rinit-hakkinda-sik-sorulan-sorular\/\">ALERJ\u0130K R\u0130N\u0130T HAKKINDA SIK SORULAN SORULAR<\/a><\/li>\n<li><a href=\"https:\/\/bulentsekerel.com\/index.php\/ari-alerjisi\/\">ARI ALERJ\u0130S\u0130<\/a><\/li>\n<li><a href=\"https:\/\/bulentsekerel.com\/index.php\/besin-alerjisi\/\">BES\u0130N ALERJ\u0130S\u0130<\/a><\/li>\n<li><a href=\"https:\/\/bulentsekerel.com\/index.php\/alerjik-proktokolit\/\">ALERJ\u0130K\u00a0PROKTOL\u0130T<\/a><\/li>\n<li><a href=\"https:\/\/bulentsekerel.com\/index.php\/atopik-dermatit\/\">ATOP\u0130K DERMAT\u0130T<\/a><\/li>\n<li><a href=\"https:\/\/bulentsekerel.com\/index.php\/anafilaksi\/\">ANAF\u0130LAKS\u0130<\/a><\/li>\n<li><a href=\"https:\/\/bulentsekerel.com\/index.php\/urtiker\/\">\u00dcRT\u0130KER<\/a><\/li>\n<\/ul>\n<p><em>Bu\u00a0bilgilerin, hekim olmayanlar taraf\u0131ndan tedavi amac\u0131yla kullan\u0131lmamalar\u0131 gerekir. L\u00fctfen daha ayr\u0131nt\u0131l\u0131 bilgi i\u00e7in hekiminize ba\u015fvurunuz.<\/em><\/p>\n<p><em>Bu websitesinde yer alan hi\u00e7 bir yaz\u0131 &amp; i\u00e7erik izin al\u0131nmadan kullan\u0131lamaz.\u00a0<\/em><\/p>\n<\/div><\/section><\/div>\n<style type=\"text\/css\" data-created_by=\"avia_inline_auto\" id=\"style-css-av-av_one_half-0aa7055fe62c3622faec82866afbaeb2\">\n.flex_column.av-av_one_half-0aa7055fe62c3622faec82866afbaeb2{\n-webkit-border-radius:0px 0px 0px 0px;\n-moz-border-radius:0px 0px 0px 0px;\nborder-radius:0px 0px 0px 0px;\npadding:0px 0px 0px 0px;\n}\n<\/style>\n<div class='flex_column av-av_one_half-0aa7055fe62c3622faec82866afbaeb2 av_one_half  avia-builder-el-3  el_after_av_one_half  avia-builder-el-last  flex_column_div av-zero-column-padding '     ><div  class='avia-slideshow av-av_slideshow-d4341a41118ff90bd08a2565d8f11751 avia-slideshow-shop_catalog av_slideshow avia-slide-slider  avia-builder-el-4  avia-builder-el-no-sibling  av-slideshow-ui av-control-default av-slideshow-autoplay av-loop-once av-loop-manual-endless avia-slideshow-1' data-slideshow-options=\"{&quot;animation&quot;:&quot;slide&quot;,&quot;autoplay&quot;:true,&quot;loop_autoplay&quot;:&quot;once&quot;,&quot;interval&quot;:5,&quot;loop_manual&quot;:&quot;manual-endless&quot;,&quot;autoplay_stopper&quot;:true,&quot;noNavigation&quot;:false,&quot;bg_slider&quot;:false,&quot;keep_padding&quot;:false,&quot;hoverpause&quot;:false,&quot;show_slide_delay&quot;:0}\"  itemprop=\"image\" itemscope=\"itemscope\" itemtype=\"https:\/\/schema.org\/ImageObject\" ><ul class='avia-slideshow-inner ' ><\/ul><\/div><\/div><\/p>\n","protected":false},"excerpt":{"rendered":"","protected":false},"author":1,"featured_media":0,"parent":0,"menu_order":0,"comment_status":"closed","ping_status":"closed","template":"","meta":[],"yoast_head":"<!-- This site is optimized with the Yoast SEO plugin v20.1 - https:\/\/yoast.com\/wordpress\/plugins\/seo\/ -->\n<title>Alerjik Hastal\u0131klar - Prof. Dr. B\u00fclent Enis \u015eekerel<\/title>\n<meta name=\"description\" content=\"Alerji,Ast\u0131m, Alerjik Rinit, Besin Alerjisi, Atopik Dermatit, Anafilaksi, \u00dcrtiker ve ba\u015fl\u0131ca Alerjik Hastal\u0131klar hakk\u0131nda bilgiler.\" \/>\n<meta name=\"robots\" content=\"index, follow, max-snippet:-1, max-image-preview:large, max-video-preview:-1\" \/>\n<link rel=\"canonical\" href=\"https:\/\/bulentsekerel.com\/index.php\/alerjik-hastaliklar\/\" \/>\n<meta property=\"og:locale\" content=\"tr_TR\" \/>\n<meta property=\"og:type\" content=\"article\" \/>\n<meta property=\"og:title\" content=\"Alerjik Hastal\u0131klar - Prof. Dr. B\u00fclent Enis \u015eekerel\" \/>\n<meta property=\"og:description\" content=\"Alerji,Ast\u0131m, Alerjik Rinit, Besin Alerjisi, Atopik Dermatit, Anafilaksi, \u00dcrtiker ve ba\u015fl\u0131ca Alerjik Hastal\u0131klar hakk\u0131nda bilgiler.\" \/>\n<meta property=\"og:url\" content=\"https:\/\/bulentsekerel.com\/index.php\/alerjik-hastaliklar\/\" \/>\n<meta property=\"og:site_name\" content=\"Prof. Dr. B\u00fclent Enis \u015eekerel\" \/>\n<meta property=\"article:modified_time\" content=\"2018-12-19T09:16:08+00:00\" \/>\n<meta name=\"twitter:card\" content=\"summary_large_image\" \/>\n<meta name=\"twitter:label1\" content=\"Tahmini okuma s\u00fcresi\" \/>\n\t<meta name=\"twitter:data1\" content=\"2 dakika\" \/>\n<script type=\"application\/ld+json\" class=\"yoast-schema-graph\">{\"@context\":\"https:\/\/schema.org\",\"@graph\":[{\"@type\":\"WebPage\",\"@id\":\"https:\/\/bulentsekerel.com\/index.php\/alerjik-hastaliklar\/\",\"url\":\"https:\/\/bulentsekerel.com\/index.php\/alerjik-hastaliklar\/\",\"name\":\"Alerjik Hastal\u0131klar - Prof. Dr. B\u00fclent Enis \u015eekerel\",\"isPartOf\":{\"@id\":\"https:\/\/bulentsekerel.com\/#website\"},\"datePublished\":\"2017-02-14T11:47:00+00:00\",\"dateModified\":\"2018-12-19T09:16:08+00:00\",\"description\":\"Alerji,Ast\u0131m, Alerjik Rinit, Besin Alerjisi, Atopik Dermatit, Anafilaksi, \u00dcrtiker ve ba\u015fl\u0131ca Alerjik Hastal\u0131klar hakk\u0131nda bilgiler.\",\"breadcrumb\":{\"@id\":\"https:\/\/bulentsekerel.com\/index.php\/alerjik-hastaliklar\/#breadcrumb\"},\"inLanguage\":\"tr\",\"potentialAction\":[{\"@type\":\"ReadAction\",\"target\":[\"https:\/\/bulentsekerel.com\/index.php\/alerjik-hastaliklar\/\"]}]},{\"@type\":\"BreadcrumbList\",\"@id\":\"https:\/\/bulentsekerel.com\/index.php\/alerjik-hastaliklar\/#breadcrumb\",\"itemListElement\":[{\"@type\":\"ListItem\",\"position\":1,\"name\":\"Anasayfa\",\"item\":\"https:\/\/bulentsekerel.com\/\"},{\"@type\":\"ListItem\",\"position\":2,\"name\":\"Alerjik Hastal\u0131klar\"}]},{\"@type\":\"WebSite\",\"@id\":\"https:\/\/bulentsekerel.com\/#website\",\"url\":\"https:\/\/bulentsekerel.com\/\",\"name\":\"Prof. Dr. B\u00fclent Enis \u015eekerel\",\"description\":\"\u00c7ocuk Sa\u011fl\u0131\u011f\u0131 ve Hastal\u0131klar\u0131 &amp; \u00c7ocuk Alerji - Ast\u0131m Uzman\u0131\",\"potentialAction\":[{\"@type\":\"SearchAction\",\"target\":{\"@type\":\"EntryPoint\",\"urlTemplate\":\"https:\/\/bulentsekerel.com\/?s={search_term_string}\"},\"query-input\":\"required name=search_term_string\"}],\"inLanguage\":\"tr\"}]}<\/script>\n<!-- \/ Yoast SEO plugin. -->","yoast_head_json":{"title":"Alerjik Hastal\u0131klar - Prof. Dr. B\u00fclent Enis \u015eekerel","description":"Alerji,Ast\u0131m, Alerjik Rinit, Besin Alerjisi, Atopik Dermatit, Anafilaksi, \u00dcrtiker ve ba\u015fl\u0131ca Alerjik Hastal\u0131klar hakk\u0131nda bilgiler.","robots":{"index":"index","follow":"follow","max-snippet":"max-snippet:-1","max-image-preview":"max-image-preview:large","max-video-preview":"max-video-preview:-1"},"canonical":"https:\/\/bulentsekerel.com\/index.php\/alerjik-hastaliklar\/","og_locale":"tr_TR","og_type":"article","og_title":"Alerjik Hastal\u0131klar - Prof. Dr. B\u00fclent Enis \u015eekerel","og_description":"Alerji,Ast\u0131m, Alerjik Rinit, Besin Alerjisi, Atopik Dermatit, Anafilaksi, \u00dcrtiker ve ba\u015fl\u0131ca Alerjik Hastal\u0131klar hakk\u0131nda bilgiler.","og_url":"https:\/\/bulentsekerel.com\/index.php\/alerjik-hastaliklar\/","og_site_name":"Prof. Dr. B\u00fclent Enis \u015eekerel","article_modified_time":"2018-12-19T09:16:08+00:00","twitter_card":"summary_large_image","twitter_misc":{"Tahmini okuma s\u00fcresi":"2 dakika"},"schema":{"@context":"https:\/\/schema.org","@graph":[{"@type":"WebPage","@id":"https:\/\/bulentsekerel.com\/index.php\/alerjik-hastaliklar\/","url":"https:\/\/bulentsekerel.com\/index.php\/alerjik-hastaliklar\/","name":"Alerjik Hastal\u0131klar - Prof. Dr. B\u00fclent Enis \u015eekerel","isPartOf":{"@id":"https:\/\/bulentsekerel.com\/#website"},"datePublished":"2017-02-14T11:47:00+00:00","dateModified":"2018-12-19T09:16:08+00:00","description":"Alerji,Ast\u0131m, Alerjik Rinit, Besin Alerjisi, Atopik Dermatit, Anafilaksi, \u00dcrtiker ve ba\u015fl\u0131ca Alerjik Hastal\u0131klar hakk\u0131nda bilgiler.","breadcrumb":{"@id":"https:\/\/bulentsekerel.com\/index.php\/alerjik-hastaliklar\/#breadcrumb"},"inLanguage":"tr","potentialAction":[{"@type":"ReadAction","target":["https:\/\/bulentsekerel.com\/index.php\/alerjik-hastaliklar\/"]}]},{"@type":"BreadcrumbList","@id":"https:\/\/bulentsekerel.com\/index.php\/alerjik-hastaliklar\/#breadcrumb","itemListElement":[{"@type":"ListItem","position":1,"name":"Anasayfa","item":"https:\/\/bulentsekerel.com\/"},{"@type":"ListItem","position":2,"name":"Alerjik Hastal\u0131klar"}]},{"@type":"WebSite","@id":"https:\/\/bulentsekerel.com\/#website","url":"https:\/\/bulentsekerel.com\/","name":"Prof. Dr. B\u00fclent Enis \u015eekerel","description":"\u00c7ocuk Sa\u011fl\u0131\u011f\u0131 ve Hastal\u0131klar\u0131 &amp; \u00c7ocuk Alerji - Ast\u0131m Uzman\u0131","potentialAction":[{"@type":"SearchAction","target":{"@type":"EntryPoint","urlTemplate":"https:\/\/bulentsekerel.com\/?s={search_term_string}"},"query-input":"required name=search_term_string"}],"inLanguage":"tr"}]}},"_links":{"self":[{"href":"https:\/\/bulentsekerel.com\/index.php\/wp-json\/wp\/v2\/pages\/1129"}],"collection":[{"href":"https:\/\/bulentsekerel.com\/index.php\/wp-json\/wp\/v2\/pages"}],"about":[{"href":"https:\/\/bulentsekerel.com\/index.php\/wp-json\/wp\/v2\/types\/page"}],"author":[{"embeddable":true,"href":"https:\/\/bulentsekerel.com\/index.php\/wp-json\/wp\/v2\/users\/1"}],"replies":[{"embeddable":true,"href":"https:\/\/bulentsekerel.com\/index.php\/wp-json\/wp\/v2\/comments?post=1129"}],"version-history":[{"count":0,"href":"https:\/\/bulentsekerel.com\/index.php\/wp-json\/wp\/v2\/pages\/1129\/revisions"}],"wp:attachment":[{"href":"https:\/\/bulentsekerel.com\/index.php\/wp-json\/wp\/v2\/media?parent=1129"}],"curies":[{"name":"wp","href":"https:\/\/api.w.org\/{rel}","templated":true}]}}